lculate the remainder when 160 is divided by 55.
50
Calculate the remainder when 13330 is divided by 132.
130
Calculate the remainder when 747 is divided by 290.
167
What is the remainder when 313 is divided by 147?
19
What is the remainder when 3663 is divided by 3641?
22
Calculate the remainder when 52 is divided by 10.
2
Calculate the remainder when 509 is divided by 57.
53
Calculate the remainder when 1422 is divided by 705.
12
Calculate the remainder when 493 is divided by 123.
1
Calculate the remainder when 845 is divided by 47.
46
Calculate the remainder when 60 is divided by 32.
28
What is the remainder when 246 is divided by 241?
5
What is the remainder when 59 is divided by 7?
3
Calculate the remainder when 493 is divided by 31.
28
Calculate the remainder when 155 is divided by 46.
17
What is the remainder when 851 is divided by 172?
163
What is the remainder when 2408 is divided by 159?
23
What is the remainder when 361 is divided by 89?
5
What is the remainder when 4496 is divided by 65?
11
What is the remainder when 2192 is divided by 219?
2
Calculate the remainder when 299 is divided by 19.
14
Calculate the remainder when 1625 is divided by 148.
145
What is the remainder when 1911 is divided by 106?
3
What is the remainder when 698 is divided by 26?
22
Calculate the remainder when 207 is divided by 57.
36
Calculate the remainder when 7269 is divided by 1817.
1
What is the remainder when 12241 is divided by 331?
325
What is the remainder when 42257 is divided by 6?
5
What is the remainder when 1851 is divided by 116?
111
Calculate the remainder when 1022 is divided by 84.
14
Calculate the remainder when 109 is divided by 35.
4
What is the remainder when 2305 is divided by 110?
105
Calculate the remainder when 12102 is divided by 136.
134
What is the remainder when 216 is divided by 39?
21
What is the remainder when 1038 is divided by 206?
8
Calculate the remainder when 171 is divided by 130.
41
Calculate the remainder when 99 is divided by 61.
38
Calculate the remainder when 2119 is divided by 101.
99
Calculate the remainder when 5946 is divided by 170.
166
What is the remainder when 288 is divided by 71?
4
Calculate the remainder when 2909 is divided by 1450.
9
What is the remainder when 578 is divided by 5?
3
What is the remainder when 735 is divided by 106?
99
What is the remainder when 251 is divided by 4?
3
What is the remainder when 169 is divided by 78?
13
Calculate the remainder when 1275 is divided by 216.
195
Calculate the remainder when 69 is divided by 13.
4
Calculate the remainder when 1375 is divided by 37.
6
Calculate the remainder when 48 is divided by 10.
8
Calculate the remainder when 772 is divided by 19.
12
What is the remainder when 491 is divided by 242?
7
What is the remainder when 140 is divided by 47?
46
Calculate the remainder when 63 is divided by 16.
15
Calculate the remainder when 232 is divided by 66.
34
What is the remainder when 153 is divided by 98?
55
What is the remainder when 350 is divided by 39?
38
Calculate the remainder when 3146 is divided by 25.
21
What is the remainder when 227 is divided by 63?
38
What is the remainder when 4712 is divided by 157?
2
Calculate the remainder when 85 is divided by 18.
13
Calculate the remainder when 83 is divided by 69.
14
What is the remainder when 773 is divided by 46?
37
Calculate the remainder when 3063 is divided by 1529.
5
What is the remainder when 123 is divided by 32?
27
What is the remainder when 750 is divided by 13?
9
Calculate the remainder when 118 is divided by 38.
4
Calculate the remainder when 437 is divided by 13.
8
What is the remainder when 219 is divided by 25?
19
What is the remainder when 687 is divided by 228?
3
What is the remainder when 22 is divided by 6?
4
What is the remainder when 1433 is divided by 35?
33
What is the remainder when 443 is divided by 8?
3
Calculate the remainder when 308 is divided by 147.
14
Calculate the remainder when 618 is divided by 33.
24
What is the remainder when 1213 is divided by 15?
13
Calculate the remainder when 281 is divided by 15.
11
Calculate the remainder when 197 is divided by 51.
44
What is the remainder when 106 is divided by 23?
14
What is the remainder when 151 is divided by 10?
1
What is the remainder when 64 is divided by 50?
14
Calculate the remainder when 134 is divided by 66.
2
Calculate the remainder when 178 is divided by 30.
28
What is the remainder when 275 is divided by 34?
3
Calculate the remainder when 868 is divided by 39.
10
What is the remainder when 681 is divided by 114?
111
Calculate the remainder when 1145 is divided by 280.
25
Calculate the remainder when 529 is divided by 70.
39
Calculate the remainder when 89 is divided by 34.
21
Calculate the remainder when 698 is divided by 236.
226
What is the remainder when 50 is divided by 17?
16
Calculate the remainder when 509 is divided by 305.
204
Calculate the remainder when 121 is divided by 54.
13
Calculate the remainder when 456 is divided by 5.
1
Calculate the remainder when 139 is divided by 70.
69
What is the remainder when 2124 is divided by 17?
16
Calculate the remainder when 209 is divided by 43.
37
Calculate the remainder when 469 is divided by 76.
13
Calculate the remainder when 24 is divided by 10.
4
What is the remainder when 1066 is divided by 527?
12
Calculate the remainder when 2408 is divided by 595.
28
What is the remainder when 4218 is divided by 49?
4
What is the remainder when 439 is divided by 89?
83
What is the remainder when 12538 is divided by 12?
10
What is the remainder when 94 is divided by 14?
10
What is the remainder when 941 is divided by 41?
39
What is the remainder when 444 is divided by 5?
4
Calculate the remainder when 112 is divided by 81.
31
Calculate the remainder when 5328 is divided by 43.
39
Calculate the remainder when 1032 is divided by 516.
0
Calculate the remainder when 445 is divided by 112.
109
What is the remainder when 22 is divided by 19?
3
Calculate the remainder when 138 is divided by 101.
37
What is the remainder when 220 is divided by 16?
12
Calculate the remainder when 142 is divided by 38.
28
Calculate the remainder when 319 is divided by 64.
63
What is the remainder when 1990 is divided by 24?
22
What is the remainder when 66 is divided by 19?
9
Calculate the remainder when 739 is divided by 704.
35
Calculate the remainder when 24599 is divided by 10.
9
Calculate the remainder when 43 is divided by 22.
21
Calculate the remainder when 72 is divided by 27.
18
Calculate the remainder when 2877 is divided by 96.
93
What is the remainder when 517 is divided by 469?
48
What is the remainder when 308 is divided by 80?
68
Calculate the remainder when 191 is divided by 50.
41
Calculate the remainder when 70 is divided by 26.
18
What is the remainder when 147 is divided by 20?
7
What is the remainder when 60 is divided by 5?
0
Calculate the remainder when 111 is divided by 30.
21
Calculate the remainder when 302 is divided by 7.
1
Calculate the remainder when 585 is divided by 119.
109
What is the remainder when 386 is divided by 9?
8
Calculate the remainder when 510 is divided by 27.
24
What is the remainder when 296 is divided by 60?
56
What is the remainder when 63 is divided by 23?
17
What is the remainder when 394 is divided by 96?
10
What is the remainder when 153 is divided by 12?
9
What is the remainder when 136 is divided by 14?
10
Calculate the remainder when 10800 is divided by 146.
142
Calculate the remainder when 89 is divided by 40.
9
What is the remainder when 67 is divided by 16?
3
Calculate the remainder when 8406 is divided by 10.
6
What is the remainder when 430 is divided by 36?
34
Calculate the remainder when 7929 is divided by 1319.
15
What is the remainder when 468 is divided by 288?
180
What is the remainder when 847 is divided by 50?
47
Calculate the remainder when 381 is divided by 241.
140
What is the remainder when 4085 is divided by 67?
65
What is the remainder when 305 is divided by 97?
14
What is the remainder when 663 is divided by 32?
23
What is the remainder when 19 is divided by 7?
5
Calculate the remainder when 9377 is divided by 35.
32
Calculate the remainder when 146 is divided by 60.
26
What is the remainder when 1151 is divided by 8